{"id":27,"date":"2025-08-22T09:26:26","date_gmt":"2025-08-22T09:26:26","guid":{"rendered":"https:\/\/teatteritiimikomeljanttari.fi\/?page_id=27"},"modified":"2025-08-22T09:50:05","modified_gmt":"2025-08-22T09:50:05","slug":"tietoa-meista","status":"publish","type":"page","link":"https:\/\/teatteritiimikomeljanttari.fi\/?page_id=27","title":{"rendered":"TIETOA MEIST\u00c4"},"content":{"rendered":"\n<h1 class=\"wp-block-heading has-text-align-center\"><\/h1>\n\n\n\n<h2 class=\"wp-block-heading has-text-align-center\">MIK\u00c4 IHMEEN TEATTERITIIMI KOMELJANTTARI<\/h2>\n\n\n\n<p class=\"has-text-align-center\">Kaksi teatterin yhdist\u00e4m\u00e4\u00e4, teatterin ja kulttuurin monitaituria, eli kulttuurimuijaa Paimiosta liitt\u00e4\u00e4 yhteen, intohimonsa, tietonsa, haaveensa, taitonsa ja hulluutensa ja tsadaa, siin\u00e4 se on, toteutuva unelma, el\u00e4m\u00e4n tarkoitus, josta riitt\u00e4\u00e4 tarjoittavaa kaikille taiteen kaipaajille. Luodaan yhdess\u00e4 parempaa maailmaa!<\/p>\n\n\n\n<p class=\"has-text-align-center\">Merita Sepp\u00e4l\u00e4 on Komeljanttarin taiteellinen nero, jonka k\u00e4siss\u00e4 taipuu niin kirjoittaminen, kuin suunnittelu, n\u00e4ytteleminen ja ohjaaminen. Onpa h\u00e4nell\u00e4 my\u00f6s tarpeiston valmistamisen taito hyppysiss\u00e4\u00e4n. Merita on todellinen monitaituri ja teatteri, taide ja luovuus on sielussaan.&nbsp;<\/p>\n\n\n\n<p class=\"has-text-align-center\">Mira Lattu on taas Komeljanttarin toiminnasta vastaava jokapaikan h\u00f6yl\u00e4, jonka intohimo on n\u00e4ytteleminen. H\u00e4n hallitsee kokonaisuuksia ja pit\u00e4\u00e4 k\u00e4siss\u00e4\u00e4n hallinnollisia ja teatterin py\u00f6ritt\u00e4miseen kuuluvia lankoja. Mira nauttii my\u00f6s ohjaamisesta ja p\u00e4\u00e4ss\u00e4ns\u00e4 on paljon kaikenlaista p\u00f6hin\u00e4\u00e4.<\/p>\n\n\n\n<p class=\"has-text-align-center\">Yht\u00e4kaikki, Teatteritiimi Komeljanttari on l\u00f6yt\u00e4nyt ymp\u00e4rilleen ihania ihmisi\u00e4, joita ilman toimintamme ei olisi niin erinomaista.<\/p>\n\n\n\n<p class=\"has-text-align-center\">Kiitos kun olet osa tarinaamme!<\/p>\n\n\n\n<h2 class=\"wp-block-heading has-text-align-center\">MIK\u00c4 IHMEEN PAIMION PIIAT?<\/h2>\n\n\n\n<p class=\"has-text-align-center\">Paimion piiat on&nbsp;<em>historialline komedia viimiselt 700 vuarelt. N<\/em>\u00e4ytelm\u00e4ss\u00e4 seurataan paimiolaisten piikojen uskomattomia tarinoita 1300-luvulta nykyp\u00e4iv\u00e4\u00e4n. N\u00e4ytelm\u00e4n keski\u00f6ss\u00e4 on peruspessimisti Piia, joka tekee sukututkimusta yhdess\u00e4 kissansa kanssa. Suvusta l\u00f6ytyy jokaiselta vuosisadalta joku piika, jonka el\u00e4m\u00e4ntarina kytkeytyy aina jollain tavalla Paimioon, sen historiaan tai johonkin merkitt\u00e4v\u00e4\u00e4n historialliseen tapahtumaan.<\/p>\n\n\n\n<p class=\"has-text-align-center\">N\u00e4ytelm\u00e4 on fiktiivinen, mutta siin\u00e4 sekoitetaan todenmukaisia historiallisia tapahtumia ja henkil\u00f6it\u00e4. Piiat ovat kytk\u00f6ksiss\u00e4 mm. uskonpuhdistukseen, noitavainoihin, Turun paloon, katovuosiin, ruttoepidemiaan ja moniin muihin maailmanhistoriallisesti merkitt\u00e4viin tapahtumiin. Kaikki uskomattomat langat nivoutuvat jollain kreisill\u00e4 tavalla Paimioon.<\/p>\n\n\n\n<p class=\"has-text-align-center\">N\u00e4ytelm\u00e4ss\u00e4 peilataan nykyhetken el\u00e4m\u00e4\u00e4 menneisyyden arjen haasteisiin. Millaista on olla esimerkiksi nainen nyt tai 600 vuotta sitten, jolloin \u00e4iti joutui suoraan synnytyksest\u00e4 naurispeltoa kitkem\u00e4\u00e4n. N\u00e4ytelm\u00e4n tapahtumat rakentuvat huumorin ymp\u00e4rille ja el\u00e4m\u00e4\u00e4 eri vuosisadoilla peilataan nykyhetkeen ilkikuristen ja itseironisten linssien l\u00e4pi.<\/p>\n\n\n\n<p class=\"has-text-align-center\">Paimion piiat on osa Paimion 700v juhlavuoden ohjelmistoa.<\/p>\n\n\n\n<p class=\"has-text-align-center\">N\u00e4ytelm\u00e4n toteuttaa ja tuottaa Teatteritiimi Komeljanttari ry<\/p>\n\n\n\n<p class=\"has-text-align-center\">K\u00e4sikirjoitus Merita Sepp\u00e4l\u00e4 ty\u00f6ryhm\u00e4n ideoiden pohjalta<\/p>\n\n\n\n<p class=\"has-text-align-center\">Ohjaus Ty\u00f6ryhm\u00e4<\/p>\n\n\n\n<p class=\"has-text-align-center\">Valo- ja projisointisuunnittelu Timo A. Aalto<\/p>\n\n\n\n<p class=\"has-text-align-center\">Koreografi Esteri Sepp\u00e4l\u00e4<\/p>\n\n\n\n<p class=\"has-text-align-center\">Puvut ja rekvisiitat Johku &amp; ty\u00f6ryhm\u00e4<\/p>\n\n\n\n<p class=\"has-text-align-center\">Lavastus Veikko, Japi ja ty\u00f6ryhm\u00e4<\/p>\n\n\n\n<p class=\"has-text-align-center\">Musiikki ja \u00e4\u00e4nisuunnittelu Merita Sepp\u00e4l\u00e4<\/p>\n\n\n\n<p class=\"has-text-align-center\">Teknikot Vilho Kotam\u00e4ki ja Elmo Sepp\u00e4l\u00e4<\/p>\n\n\n\n<p class=\"has-text-align-center\">N\u00e4ytt\u00e4m\u00f6henkil\u00f6 Ava Lattu<\/p>\n\n\n\n<p class=\"has-text-align-center\">Markkinointi, sometus, tiedotus Mira Lattu<\/p>\n\n\n\n<p class=\"has-text-align-center\">N\u00e4yttelij\u00e4t Mira Lattu ja Merita Sepp\u00e4l\u00e4<\/p>\n\n\n\n<p><em>Kuva-ilottelua Paimion piiat n\u00e4ytelm\u00e4n valmisteluvaiheesta<\/em>.<\/p>\n\n\n\n<figure class=\"wp-block-gallery has-nested-images columns-default is-cropped wp-block-gallery-1 is-layout-flex wp-block-gallery-is-layout-flex\">\n<figure class=\"wp-block-image size-large\"><img loading=\"lazy\" decoding=\"async\" width=\"576\" height=\"1024\" data-id=\"190\" src=\"https:\/\/teatteritiimikomeljanttari.fi\/wp-content\/uploads\/2025\/08\/IMG-20250819-WA0006-576x1024.jpg\" alt=\"\" class=\"wp-image-190\" srcset=\"https:\/\/teatteritiimikomeljanttari.fi\/wp-content\/uploads\/2025\/08\/IMG-20250819-WA0006-576x1024.jpg 576w, https:\/\/teatteritiimikomeljanttari.fi\/wp-content\/uploads\/2025\/08\/IMG-20250819-WA0006-169x300.jpg 169w, https:\/\/teatteritiimikomeljanttari.fi\/wp-content\/uploads\/2025\/08\/IMG-20250819-WA0006-768x1365.jpg 768w, https:\/\/teatteritiimikomeljanttari.fi\/wp-content\/uploads\/2025\/08\/IMG-20250819-WA0006-864x1536.jpg 864w, https:\/\/teatteritiimikomeljanttari.fi\/wp-content\/uploads\/2025\/08\/IMG-20250819-WA0006.jpg 900w\" sizes=\"auto, (max-width: 576px) 100vw, 576px\" \/><\/figure>\n\n\n\n<figure class=\"wp-block-image size-large\"><img loading=\"lazy\" decoding=\"async\" width=\"768\" height=\"1024\" data-id=\"192\" src=\"https:\/\/teatteritiimikomeljanttari.fi\/wp-content\/uploads\/2025\/08\/IMG-20250819-WA0005-1-768x1024.jpg\" alt=\"\" class=\"wp-image-192\" srcset=\"https:\/\/teatteritiimikomeljanttari.fi\/wp-content\/uploads\/2025\/08\/IMG-20250819-WA0005-1-768x1024.jpg 768w, https:\/\/teatteritiimikomeljanttari.fi\/wp-content\/uploads\/2025\/08\/IMG-20250819-WA0005-1-225x300.jpg 225w, https:\/\/teatteritiimikomeljanttari.fi\/wp-content\/uploads\/2025\/08\/IMG-20250819-WA0005-1-1152x1536.jpg 1152w, https:\/\/teatteritiimikomeljanttari.fi\/wp-content\/uploads\/2025\/08\/IMG-20250819-WA0005-1.jpg 1200w\" sizes=\"auto, (max-width: 768px) 100vw, 768px\" \/><\/figure>\n\n\n\n<figure class=\"wp-block-image size-large\"><img loading=\"lazy\" decoding=\"async\" width=\"768\" height=\"1024\" data-id=\"193\" src=\"https:\/\/teatteritiimikomeljanttari.fi\/wp-content\/uploads\/2025\/08\/IMG-20250819-WA0004-768x1024.jpg\" alt=\"\" class=\"wp-image-193\" srcset=\"https:\/\/teatteritiimikomeljanttari.fi\/wp-content\/uploads\/2025\/08\/IMG-20250819-WA0004-768x1024.jpg 768w, https:\/\/teatteritiimikomeljanttari.fi\/wp-content\/uploads\/2025\/08\/IMG-20250819-WA0004-225x300.jpg 225w, https:\/\/teatteritiimikomeljanttari.fi\/wp-content\/uploads\/2025\/08\/IMG-20250819-WA0004-1152x1536.jpg 1152w, https:\/\/teatteritiimikomeljanttari.fi\/wp-content\/uploads\/2025\/08\/IMG-20250819-WA0004.jpg 1200w\" sizes=\"auto, (max-width: 768px) 100vw, 768px\" \/><\/figure>\n<\/figure>\n\n\n\n<h5 class=\"wp-block-heading\">KUVIA PAIMION PIIAT N\u00c4YTELM\u00c4N HARJOITUKSISTA<\/h5>\n\n\n\n<figure class=\"wp-block-gallery has-nested-images columns-default is-cropped wp-block-gallery-2 is-layout-flex wp-block-gallery-is-layout-flex\">\n<figure class=\"wp-block-image size-large\"><img loading=\"lazy\" decoding=\"async\" width=\"1024\" height=\"950\" data-id=\"182\" src=\"https:\/\/teatteritiimikomeljanttari.fi\/wp-content\/uploads\/2025\/08\/kuningas-ja-piika-1024x950.jpg\" alt=\"\" class=\"wp-image-182\" srcset=\"https:\/\/teatteritiimikomeljanttari.fi\/wp-content\/uploads\/2025\/08\/kuningas-ja-piika-1024x950.jpg 1024w, https:\/\/teatteritiimikomeljanttari.fi\/wp-content\/uploads\/2025\/08\/kuningas-ja-piika-300x278.jpg 300w, https:\/\/teatteritiimikomeljanttari.fi\/wp-content\/uploads\/2025\/08\/kuningas-ja-piika-768x713.jpg 768w, https:\/\/teatteritiimikomeljanttari.fi\/wp-content\/uploads\/2025\/08\/kuningas-ja-piika.jpg 1164w\" sizes=\"auto, (max-width: 1024px) 100vw, 1024px\" \/><\/figure>\n\n\n\n<figure class=\"wp-block-image size-large\"><img loading=\"lazy\" decoding=\"async\" width=\"1024\" height=\"931\" data-id=\"180\" src=\"https:\/\/teatteritiimikomeljanttari.fi\/wp-content\/uploads\/2025\/08\/kuningas-ja-piika-ml-1024x931.jpg\" alt=\"\" class=\"wp-image-180\" srcset=\"https:\/\/teatteritiimikomeljanttari.fi\/wp-content\/uploads\/2025\/08\/kuningas-ja-piika-ml-1024x931.jpg 1024w, https:\/\/teatteritiimikomeljanttari.fi\/wp-content\/uploads\/2025\/08\/kuningas-ja-piika-ml-300x273.jpg 300w, https:\/\/teatteritiimikomeljanttari.fi\/wp-content\/uploads\/2025\/08\/kuningas-ja-piika-ml-768x698.jpg 768w, https:\/\/teatteritiimikomeljanttari.fi\/wp-content\/uploads\/2025\/08\/kuningas-ja-piika-ml-1536x1396.jpg 1536w, https:\/\/teatteritiimikomeljanttari.fi\/wp-content\/uploads\/2025\/08\/kuningas-ja-piika-ml.jpg 1600w\" sizes=\"auto, (max-width: 1024px) 100vw, 1024px\" \/><\/figure>\n\n\n\n<figure class=\"wp-block-image size-large\"><img loading=\"lazy\" decoding=\"async\" width=\"1024\" height=\"1024\" data-id=\"181\" src=\"https:\/\/teatteritiimikomeljanttari.fi\/wp-content\/uploads\/2025\/08\/kuningas-ja-piika-sivea-1024x1024.jpg\" alt=\"\" class=\"wp-image-181\" srcset=\"https:\/\/teatteritiimikomeljanttari.fi\/wp-content\/uploads\/2025\/08\/kuningas-ja-piika-sivea-1024x1024.jpg 1024w, https:\/\/teatteritiimikomeljanttari.fi\/wp-content\/uploads\/2025\/08\/kuningas-ja-piika-sivea-300x300.jpg 300w, https:\/\/teatteritiimikomeljanttari.fi\/wp-content\/uploads\/2025\/08\/kuningas-ja-piika-sivea-150x150.jpg 150w, https:\/\/teatteritiimikomeljanttari.fi\/wp-content\/uploads\/2025\/08\/kuningas-ja-piika-sivea-768x768.jpg 768w, https:\/\/teatteritiimikomeljanttari.fi\/wp-content\/uploads\/2025\/08\/kuningas-ja-piika-sivea.jpg 1080w\" sizes=\"auto, (max-width: 1024px) 100vw, 1024px\" \/><\/figure>\n<\/figure>\n\n\n\n<p><em>Kuva 1. Juuri kiitollisena vastaanotettu apurahastipendi . Kuva 2. Piiat ensimm\u00e4isell\u00e4 keikalla, Paimion kaupungin 700. syntym\u00e4p\u00e4iv\u00e4juhlissa huikean tanssijan, tanssikoulu AM Dancen Annika Mutilan kainalossa. Kuva 3. Merita Sepp\u00e4l\u00e4 ja huikea valosuunnittelijamme Timo A.Aalto. Kuvat 4-6. Helena Piika kohtaa Kuningas Kustaa III:n.<\/em><\/p>\n\n\n\n<h1 class=\"wp-block-heading\">NUORI KOMELJANTTARIMENNEISYYTEMME <\/h1>\n\n\n\n<h2 class=\"wp-block-heading\"><strong>MY\u00d6T\u00c4-JA VASTAH\u00c4PE\u00c4SS\u00c4<\/strong><\/h2>\n\n\n\n<div class=\"wp-block-media-text is-stacked-on-mobile\"><figure class=\"wp-block-media-text__media\"><img loading=\"lazy\" decoding=\"async\" width=\"819\" height=\"1024\" src=\"https:\/\/teatteritiimikomeljanttari.fi\/wp-content\/uploads\/2025\/08\/palaute5-kopio-819x1024.jpg\" alt=\"\" class=\"wp-image-119 size-full\" srcset=\"https:\/\/teatteritiimikomeljanttari.fi\/wp-content\/uploads\/2025\/08\/palaute5-kopio-819x1024.jpg 819w, https:\/\/teatteritiimikomeljanttari.fi\/wp-content\/uploads\/2025\/08\/palaute5-kopio-240x300.jpg 240w, https:\/\/teatteritiimikomeljanttari.fi\/wp-content\/uploads\/2025\/08\/palaute5-kopio-768x960.jpg 768w, https:\/\/teatteritiimikomeljanttari.fi\/wp-content\/uploads\/2025\/08\/palaute5-kopio.jpg 1080w\" sizes=\"auto, (max-width: 819px) 100vw, 819px\" \/><\/figure><div class=\"wp-block-media-text__content\">\n<p>Teatteritiimi Komeljanttarin esikoisteos <strong>My\u00f6t\u00e4- ja vastah\u00e4pe\u00e4ss\u00e4<\/strong> vieraili syksyll\u00e4 2024 Paimion teatterissa sek\u00e4 kev\u00e4\u00e4ll\u00e4 2025 Salon teatterissa ja Kaarina-teatterissa.<\/p>\n\n\n\n<p>N\u00e4ytelm\u00e4 kertoi Kertotalous-ompelijasta Saarasta, joka on juuri kokenut konkurssin ja pariskunta joutui muuttamaan suuresta omakotitalosta pikkuruiseen yksi\u00f6\u00f6n. Saara ei h\u00e4pe\u00e4 mit\u00e4\u00e4n, kun taas Jyrki, h\u00e4pe\u00e4\u00e4, ihan kaikkea ja varsinkin vaimoaan. Pariskunnan ongelmat kulminoituvat siihen pisteeseen, ett\u00e4 he p\u00e4\u00e4tt\u00e4v\u00e4t hakeutua h\u00e4pe\u00e4\u00e4n erikoistuneen terapeutin vastaanotolle. Terapeutti k\u00e4ytt\u00e4\u00e4 v\u00e4hint\u00e4\u00e4nkin kyseenalaisia ja omintakeisia menetelmi\u00e4 h\u00e4pe\u00e4n hallintaan.<\/p>\n\n\n\n<p>Saimme runsaasti loistavaa palautetta rohkeudesta ja hersyv\u00e4st\u00e4 huumorista.<\/p>\n\n\n\n<p>N\u00e4ytelm\u00e4n k\u00e4sikirjoitti, ty\u00f6ryhm\u00e4n ideoinnin pohjalta, Merita Sepp\u00e4l\u00e4<\/p>\n\n\n\n<p>Ohjauksesta vastasi ty\u00f6ryhm\u00e4 yhdess\u00e4<\/p>\n\n\n\n<p><\/p>\n<\/div><\/div>\n\n\n\n<div class=\"wp-block-media-text is-stacked-on-mobile\" style=\"grid-template-columns:45% auto\"><figure class=\"wp-block-media-text__media\"><img loading=\"lazy\" decoding=\"async\" width=\"2465\" height=\"2560\" src=\"https:\/\/teatteritiimikomeljanttari.fi\/wp-content\/uploads\/2025\/08\/Jyrki-Saara-ja-terapeutti-scaled.jpg\" alt=\"\" class=\"wp-image-89 size-full\" srcset=\"https:\/\/teatteritiimikomeljanttari.fi\/wp-content\/uploads\/2025\/08\/Jyrki-Saara-ja-terapeutti-scaled.jpg 2465w, https:\/\/teatteritiimikomeljanttari.fi\/wp-content\/uploads\/2025\/08\/Jyrki-Saara-ja-terapeutti-289x300.jpg 289w\" sizes=\"auto, (max-width: 2465px) 100vw, 2465px\" \/><\/figure><div class=\"wp-block-media-text__content\">\n<p><\/p>\n\n\n\n<p>Saimme runsaasti loistavaa palautetta rohkeudesta ja hersyv\u00e4st\u00e4 huumorista.<\/p>\n\n\n\n<p>N\u00e4ytelm\u00e4n k\u00e4sikirjoitti, ty\u00f6ryhm\u00e4n ideoinnin pohjalta, Merita Sepp\u00e4l\u00e4<\/p>\n\n\n\n<p>Ohjauksesta vastasi ty\u00f6ryhm\u00e4 yhdess\u00e4<\/p>\n\n\n\n<p><\/p>\n\n\n\n<p><strong>Roolit:<\/strong><\/p>\n\n\n\n<p>Mira Lattu (keskell\u00e4):                            Saara M\u00e4k\u00e4r\u00e4inen, h\u00e4pe\u00e4m\u00e4t\u00f6n kiertotalousompelija, Jyrkin vaimo.<\/p>\n\n\n\n<p>Marko Pekkarinen (vasemmalla):   Jyrki M\u00e4k\u00e4r\u00e4inen, kaikkea h\u00e4pe\u00e4v\u00e4 Saaran aviomies.<\/p>\n\n\n\n<p>Merita Sepp\u00e4l\u00e4 (oikealla): H\u00e4pe\u00e4terapeutti, Meiju B\u00f6kkerman<\/p>\n\n\n\n<p>Kuvaaja: Venla Lattu<\/p>\n<\/div><\/div>\n\n\n\n<p><\/p>\n\n\n\n<figure class=\"wp-block-gallery has-nested-images columns-default is-cropped wp-block-gallery-3 is-layout-flex wp-block-gallery-is-layout-flex\">\n<figure class=\"wp-block-image size-large\"><img loading=\"lazy\" decoding=\"async\" width=\"819\" height=\"1024\" data-id=\"114\" src=\"https:\/\/teatteritiimikomeljanttari.fi\/wp-content\/uploads\/2025\/08\/palaute-2-kopio-819x1024.jpg\" alt=\"\" class=\"wp-image-114\" srcset=\"https:\/\/teatteritiimikomeljanttari.fi\/wp-content\/uploads\/2025\/08\/palaute-2-kopio-819x1024.jpg 819w, https:\/\/teatteritiimikomeljanttari.fi\/wp-content\/uploads\/2025\/08\/palaute-2-kopio-240x300.jpg 240w, https:\/\/teatteritiimikomeljanttari.fi\/wp-content\/uploads\/2025\/08\/palaute-2-kopio-768x960.jpg 768w, https:\/\/teatteritiimikomeljanttari.fi\/wp-content\/uploads\/2025\/08\/palaute-2-kopio.jpg 1080w\" sizes=\"auto, (max-width: 819px) 100vw, 819px\" \/><\/figure>\n\n\n\n<figure class=\"wp-block-image size-large\"><img loading=\"lazy\" decoding=\"async\" width=\"819\" height=\"1024\" data-id=\"120\" src=\"https:\/\/teatteritiimikomeljanttari.fi\/wp-content\/uploads\/2025\/08\/palaute6-kopio-819x1024.jpg\" alt=\"\" class=\"wp-image-120\" srcset=\"https:\/\/teatteritiimikomeljanttari.fi\/wp-content\/uploads\/2025\/08\/palaute6-kopio-819x1024.jpg 819w, https:\/\/teatteritiimikomeljanttari.fi\/wp-content\/uploads\/2025\/08\/palaute6-kopio-240x300.jpg 240w, https:\/\/teatteritiimikomeljanttari.fi\/wp-content\/uploads\/2025\/08\/palaute6-kopio-768x960.jpg 768w, https:\/\/teatteritiimikomeljanttari.fi\/wp-content\/uploads\/2025\/08\/palaute6-kopio.jpg 1080w\" sizes=\"auto, (max-width: 819px) 100vw, 819px\" \/><\/figure>\n\n\n\n<figure class=\"wp-block-image size-large\"><img loading=\"lazy\" decoding=\"async\" width=\"819\" height=\"1024\" data-id=\"118\" src=\"https:\/\/teatteritiimikomeljanttari.fi\/wp-content\/uploads\/2025\/08\/palaute4-kopio-819x1024.jpg\" alt=\"\" class=\"wp-image-118\" srcset=\"https:\/\/teatteritiimikomeljanttari.fi\/wp-content\/uploads\/2025\/08\/palaute4-kopio-819x1024.jpg 819w, https:\/\/teatteritiimikomeljanttari.fi\/wp-content\/uploads\/2025\/08\/palaute4-kopio-240x300.jpg 240w, https:\/\/teatteritiimikomeljanttari.fi\/wp-content\/uploads\/2025\/08\/palaute4-kopio-768x960.jpg 768w, https:\/\/teatteritiimikomeljanttari.fi\/wp-content\/uploads\/2025\/08\/palaute4-kopio.jpg 1080w\" sizes=\"auto, (max-width: 819px) 100vw, 819px\" \/><\/figure>\n<\/figure>\n","protected":false},"excerpt":{"rendered":"<p>MIK\u00c4 IHMEEN TEATTERITIIMI KOMELJANTTARI Kaksi teatterin yhdist\u00e4m\u00e4\u00e4, teatterin ja kulttuurin monitaituria, eli kulttuurimuijaa Paimiosta liitt\u00e4\u00e4 yhteen, intohimonsa, tietonsa, haaveensa, taitonsa ja hulluutensa ja tsadaa, siin\u00e4 se on, toteutuva unelma, el\u00e4m\u00e4n tarkoitus, josta riitt\u00e4\u00e4 tarjoittavaa kaikille taiteen kaipaajille. Luodaan yhdess\u00e4 parempaa maailmaa! Merita Sepp\u00e4l\u00e4 on Komeljanttarin taiteellinen nero, jonka k\u00e4siss\u00e4 taipuu niin kirjoittaminen, kuin suunnittelu, n\u00e4ytteleminen [&hellip;]<\/p>\n","protected":false},"author":1,"featured_media":0,"parent":0,"menu_order":0,"comment_status":"closed","ping_status":"closed","template":"","meta":{"_themeisle_gutenberg_block_has_review":false,"footnotes":""},"class_list":["post-27","page","type-page","status-publish","hentry"],"_links":{"self":[{"href":"https:\/\/teatteritiimikomeljanttari.fi\/index.php?rest_route=\/wp\/v2\/pages\/27","targetHints":{"allow":["GET"]}}],"collection":[{"href":"https:\/\/teatteritiimikomeljanttari.fi\/index.php?rest_route=\/wp\/v2\/pages"}],"about":[{"href":"https:\/\/teatteritiimikomeljanttari.fi\/index.php?rest_route=\/wp\/v2\/types\/page"}],"author":[{"embeddable":true,"href":"https:\/\/teatteritiimikomeljanttari.fi\/index.php?rest_route=\/wp\/v2\/users\/1"}],"replies":[{"embeddable":true,"href":"https:\/\/teatteritiimikomeljanttari.fi\/index.php?rest_route=%2Fwp%2Fv2%2Fcomments&post=27"}],"version-history":[{"count":21,"href":"https:\/\/teatteritiimikomeljanttari.fi\/index.php?rest_route=\/wp\/v2\/pages\/27\/revisions"}],"predecessor-version":[{"id":234,"href":"https:\/\/teatteritiimikomeljanttari.fi\/index.php?rest_route=\/wp\/v2\/pages\/27\/revisions\/234"}],"wp:attachment":[{"href":"https:\/\/teatteritiimikomeljanttari.fi\/index.php?rest_route=%2Fwp%2Fv2%2Fmedia&parent=27"}],"curies":[{"name":"wp","href":"https:\/\/api.w.org\/{rel}","templated":true}]}}